t x = 6771 - 3776. Let u = 18300 - x. Is u a composite number?
True
Suppose 3*x + 24 = 4*x. Suppose -x*m = -4*m - 2420. Is m a composite number?
True
Let b = -760 - -763. Suppose -28*p + 26*p + 6334 = 2*n, 5*p = b*n - 9469. Is n a composite number?
False
Let x(l) = -l**2 - 12*l + 4. Let w be x(-12). Let r(h) = 154*h**2 - h + 3. Let j be r(w). Suppose 6*q = 3*q + j. Is q a prime number?
True
Suppose -3*u + 2*k = -25, -u = u + 3*k + 5. Suppose u = -p + 7. Is ((-8)/(-28) + (-16515)/(-42))*p prime?
True
Let i be -2 + (-30)/3 + 2. Let b be i + 345 + 2*3/3. Suppose 22*l - 21*l = b. Is l a composite number?
False
Let t be (-27)/((32/(-8))/4). Suppose 30*o - 37551 = t*o. Is o a composite number?
False
Let i(t) = -t + 11 - 4*t**2 + t**3 + 11 - 16. Let l be i(4). Suppose -l*n = -3*n + 737. Is n a composite number?
True
Let h(n) be the second derivative of 27*n**5/10 + n**4/4 - 5*n**3/6 + 3*n**2/2 + n. Let y be (-36)/(-2574)*-11 + 82/26. Is h(y) composite?
True
Suppose -r = 2*x + 94, -x + 149 = -2*r - 24. Is (-276)/r*446 + 4/22 composite?
False
Let p = -4 + 8. Suppose -p*c = 5*y - 817, 0*y - c = -y + 167. Suppose -7*u - y = -2510. Is u composite?
True
Suppose 34*g + 133138 = 924896. Is (g/22 + -7)*(-4)/(-6) composite?
False
Suppose 4*l - h = 1526593, 1144953 = 3*l - 2580*h + 2582*h. Is l a prime number?
False
Suppose -5*k - 142 = 2653. Let o = k - -2082. Is o composite?
False
Let k(d) = d**2 + 18*d + 19. Suppose 4*h - 5*w = -48, 0 = 2*h + 7*w - 3*w + 50. Let c be k(h). Suppose c*i = 16103 - 2293. Is i composite?
True
Let x be 22*(-2433)/(-6) + (-2)/2. Suppose -3*a + 5*p = -23249, -a - 1171 = -2*p - x. Is a prime?
True
Is (-29)/((-580)/(-140)) - -6954 a composite number?
False
Suppose 0 = -5*p - 2*m + 4, 3*p = -0*p - 3*m - 3. Suppose 3*g = 4*l - 37603, 28218 = 5*l - p*l + 3*g. Is l composite?
False
Suppose 8 = 4*y, 4*b = 4*y - 3*y + 3838. Let u = 1930 - b. Suppose q = 6*q - u. Is q composite?
True
Suppose 359 = 4*n + w - 4*w, -4*w = 4*n - 352. Let l = -1883 - -3527. Suppose -n*i + 93*i = l. Is i a prime number?
False
Let a be 18*(-2*(-3)/(-2))/(-6). Suppose -t = -5*h + a, -3*t = -5*h + 2 - 5. Is 2*(-2)/(-4)*(t + 251) a prime number?
True
Let m(c) = -10*c**3 + 23*c**2 + 24*c + 121. Let k be m(-15). Suppose 2*u = 2*d - k, -9923 = 4*d - u - 87307. Is d prime?
False
Suppose 2*o - 55378 = -4*p, 2*p = 91*o - 86*o - 138373. Is o a composite number?
True
Let k = -56 + -27. Let a be 5 - 6 - -135 - (-10)/(-2). Let y = k + a. Is y a prime number?
False
Let l be 0*5*(-7)/(-70). Suppose -3*r + y + 1936 = -0*r, 3*y - 15 = l. Is r prime?
True
Suppose 1175932 = 4*n - 4*i, -4*i = i. Is n prime?
True
Let u = -66161 + 101071. Suppose 11*m = 21*m - u. Is m a prime number?
True
Let f(k) = -2*k**3 + 137*k**2 + 23*k - 22. Is f(16) a composite number?
True
Let u(s) = 2*s**3 - 2*s. Let m(q) = 9*q**3 + 10*q**2 - 31*q + 109. Let z(f) = -m(f) + 5*u(f). Is z(17) composite?
True
Let u = -73 + 74. Is 1*(-4)/(-12)*861/u composite?
True
Let p be (-2)/8 - (-106035)/12. Let f = p + -2749. Is f a prime number?
False
Let d(o) = -9*o**2 + 4*o + 3*o**2 + 7*o**2 - 12 + 27. Let m be d(-6). Suppose -3156 = -31*c + m*c. Is c prime?
False
Let y(g) = 3955*g + 2313. Is y(10) composite?
False
Let d(j) = -j**3 + 10*j**2 + 54*j + 32. Let k be d(14). Suppose -4*n + 5*x + 4402 = -446, -k*n + 4880 = 3*x. Is n a composite number?
False
Let n(h) = 11*h**3 - 8*h**2 + 10. Let r be n(5). Suppose 7302 = 9*c - r. Is c prime?
False
Suppose 4*l - 345 = z, 34*z + 80 = l + 35*z. Is l a composite number?
True
Let s(z) = -13*z**3 + 10*z**2 + 29*z + 45. Suppose 16*j + 57 = -55. Is s(j) a prime number?
False
Let m(l) = l**2 - 3*l - 32. Let b be m(-11). Suppose -309 = -3*x + 4*z, -2*x = -3*x + 2*z + 105. Let h = b + x. Is h a prime number?
False
Let v(s) = -23*s**3 + 18*s**2 - 93*s + 119. Is v(-18) a composite number?
False
Suppose 13 = t - 3. Suppose 0 = -2*a - 5*r - 27, 4*a + 5*r - t = -45. Is (-9)/18*(-4107 - a) composite?
False
Let g(a) = -a**2 - 13*a - 8. Let q be g(-5). Let o = q - 32. Suppose o = m + 3*p - 556, -5*p + 8 = -17. Is m a prime number?
True
Let q(d) be the third derivative of d**6/120 - 13*d**5/60 - 29*d**4/24 - 47*d**3/6 - 9*d**2 - 4. Is q(22) prime?
True
Let l(o) = -1975*o + 518. Is l(-39) a prime number?
True
Let f = 173 + 55. Let p be (14/(-14))/(2/f). Let v = p - -191. Is v a prime number?
False
Suppose -4673589 = -111*n + 3050601 + 1839015. Is n a composite number?
True
Let n(h) = 32*h**3 + 14*h**2 - 14*h + 147. Is n(16) a composite number?
True
Suppose -305*n + 58452 = -293*n. Is n composite?
False
Let v(l) = 4*l + 28. Let i(r) = -4*r - 29. Let d(k) = 6*i(k) + 5*v(k). Suppose -3*w - 3*u - 42 = 0, -w + 22*u = 26*u + 14. Is d(w) a prime number?
False
Let s(x) = 1947*x**2 + 270*x + 1. Is s(-6) composite?
False
Let o be -2*(-10 + 8 - (-6)/4). Let r(g) = -83*g**3 - 26*g**3 - 2*g**2 + 4*g**2 - o - 5*g**2 - 5*g. Is r(-2) a prime number?
False
Suppose -32 = -7*y + 11*y. Is -2 + (7 - -178 - y) prime?
True
Is 3 - (-5 + (-142819 - 14)) prime?
True
Let p(v) = -8*v**2 + 30*v - 63. Let l(f) = 3*f**2 - 9*f + 21. Let d(q) = -11*l(q) - 4*p(q). Suppose 0 = 5*x + 5*r + 75, 3*r + 2*r - 20 = 0. Is d(x) composite?
False
Let r be (-213)/9*(0 - 45). Suppose -23*u - 6317 = 5045. Let m = r + u. Is m prime?
True
Suppose 13*w - 79 - 467 = 0. Suppose -w*p + 41*p + 47161 = 0. Is p prime?
True
Let a(c) = 8*c + 41. Let y be a(-5). Let i(w) = -7*w - 1. Let k be i(y). Is (-8218)/(-2) + 10 + k composite?
False
Suppose 0 = -4*i + 4*t + 724672, -i + 120923 = 3*t - 60237. Is i a composite number?
True
Suppose 3890*j - 3941*j = -3536187. Is j prime?
True
Suppose -4*n - 2*p = -4, -2*n + 4*n = -2*p + 2. Let v be 1/(n*3/(-12)). Is ((-30390)/(-12))/((-2)/v) prime?
False
Let m = -2 - -3. Let y(q) = 2695*q - 59. Let x(a) = -898*a + 21. Let h(s) = 17*x(s) + 6*y(s). Is h(m) a composite number?
False
Is (1 - (-323890)/(-4))*176/(-264) a prime number?
False
Let j(q) = -13*q - 63. Let d be j(0). Is -87*287/d*3 composite?
True
Let n be (-56)/756 - (-166)/54. Suppose 0 = -c + 3*x + 6358, 3*c + n*x = c + 12689. Is c a prime number?
False
Let t(f) = f**3 + 12*f**2 + 2*f + 26. Let u be (-88)/55*(-30)/(-4). Let c be t(u). Is 2 + 1 + 416/c a composite number?
False
Let y = 5724 + -3094. Let z = y + -737. Suppose -z = 2*s - 5*s. Is s a composite number?
False
Let z(j) = -j**3 + 7*j**2 - j - 10. Let x be z(7). Let q(a) = 0 + a**2 + 187*a + 2 - 173*a. Is q(x) composite?
False
Let f(v) = -v**3 + 4*v**2 + v - 4. Let k be f(3). Let t(c) = -2*c**2 - 163*c + 85. Let l be t(-82). Suppose l*u + 1595 = k*u. Is u composite?
True
Let i be (41862/15)/((-2)/(-5)). Let j = i + -4360. Is j a composite number?
False
Let d = -875 - -2626. Suppose -4*m = d + 1937. Let h = m - -1801. Is h a composite number?
True
Suppose -10*b + 16*b + 30 = 0. Let n be b/(-1 - 24)*355. Let y = n + 116. Is y a prime number?
False
Let a = 136615 + -81050. Is a a prime number?
False
Let r(v) = 8*v**2 + 3*v - 5. Let a = -53 - -55. Let d(p) = -2*p**3 + 2*p**2 + p + 2. Let k be d(a). Is r(k) a composite number?
True
Suppose -3*a = -5*n - 4540, 3 = -3*n - 12. Suppose 8*p - 18937 + a = 0. Is p a composite number?
False
Let u = 1704315 - 498614. Is u a prime number?
False
Is (100/(-60) - -2)/((-2)/(-233202)) composite?
False
Suppose 519*h - 441*h = 27099618. Is h a prime number?
False
Let l(g) = -g**2 - 4*g - 1. Let u be l(-5). Let z(o) = -85 + 44 + 42 - 545*o. Is z(u) a composite number?
False
Is ((-1)/(-1) - 3)*1400460953/(-1682) a composite number?
False
Let y(j) = 4*j**2 - 43*j - 40. Let v be y(23). Let s = 1384 + v. Is s composite?
True
Let t be 12/(-2)*(14 + -3 + -8). Is 556059/126 - (21/t)/(-7) a prime number?
False
Suppose 55*f + 172*f = -255*f + 44887214. Is f a composite number?
True
Is 12/32 + (-10575950)/(-176) composite?
False
Suppose 8*x = 85 + 35. Suppose -3*f + 13822 = -2*m + m, 3*m = x. Is f a composite number?
True
Let k(l) = l**3 + 3*l**2 + l - 3. Let o be k(-2). Is (o + 0)/(266148/(-33268) - -8) composite?
False
Let c(u) = 5*u**2 + 11*u + 6. Let f(r) = r**2 - 3. Let l(i) = c(i) - f(i). Suppose 0 = -d + 4*d + 24. Is l(d) a prime number?
False
Let j(q) = 14231*q - 5730. Is j(7) a composite number?
False
Suppose -i + 5 = 0, -f - 2*f + 4*i - 26 = 0. Let o be 1/22*6362 - f/(-11)